e -i + 5 = 0, -71*j - 4 = -75*j - 4*i. Give s(j).
-14
Suppose -4*t + 2*f + 324 = f, -3*t + 266 = 5*f. Let s(p) = p - t + p - 3*p + 84. Let r be (-3)/(-12) + 45/12. Calculate s(r).
-2
Let r(x) = -3*x - 2. Let t be 2 - ((-12)/(-4) + -207). Suppose -66 + t = -28*q. Determine r(q).
13
Let w = -232 - -241. Let u(g) = 10*g**3 - 3 - 3 - 9 - w*g**3. What is u(0)?
-15
Let n = 4450 + -4448. Let u(h) be the second derivative of -7*h**3/2 + 3*h**2/2 - 41*h. Calculate u(n).
-39
Let a(h) = h**3 + 4*h**2 - 5*h - 5. Let i = -22 + 28. Let m be (-1 - 218/4)/(i/(-8)). Suppose -m = c - 69. What is a(c)?
-5
Let a(f) be the first derivative of -15*f**2 + 18*f - 1162. Determine a(2).
-42
Let w(q) = -8*q - 5. Let z(j) = -15*j - 10. Let d(a) = -7*w(a) + 4*z(a). Suppose -5*h - 1969 = -4*k + 1554, 5*h + 3*k + 3509 = 0. Let r = h + 698. Give d(r).
15
Suppose -2*h = 5*d + 1 - 19, d - 2*h + 6 = 0. Let y(z) = -z - 3*z**3 - d + 6 + 2*z**3 - 1 + 3*z**2. Suppose 41 = 3*g + 4*j + 12, -g + 2*j = 7. Determine y(g).
0
Let t be (-22)/12 - (-4)/(-24). Let l(q) be the third derivative of q**6/24 - q**4/24 - q**3/3 + 103*q**2. Determine l(t).
-40
Let g(i) = -5*i + 42. Let c be (-28)/16 - (-946)/88. Determine g(c).
-3
Let s(n) = -2*n**3 + 5*n**2 - 4*n - 2. Let v(y) = y**2 - 215*y - 874. Let r be v(-4). Give s(r).
-6
Let o(w) = -65*w + 456. Let p be o(7). Let y(c) be the third derivative of 7*c**6/40 + c**5/60 - 3*c**2. Give y(p).
22
Let n(h) = 33*h**2 - 56*h + 92. Let j(r) = -28*r**2 + 54*r - 91. Let p(y) = 6*j(y) + 5*n(y). Calculate p(12).
10
Let h(j) = -243*j - 29. Let f(l) = -528*l - 57. Let v(g) = -6*f(g) + 13*h(g). What is v(5)?
10
Let u(x) = -12*x - 12*x + 28*x. Let w(i) = -3*i**2 - 9*i + 4. Let f be w(-3). Suppose -f*q + 2 = 3*r, 3*r - 2*q = -5*q + 3. Give u(r).
8
Let g be (-17 + (-20)/8*2)*-1. Let i(b) = -b**3 - 3 - 12*b**2 + g*b**2 + 2. What is i(10)?
-1
Let q(w) be the first derivative of -w**5/60 + 3*w**4/8 - 5*w**3/6 + w**2/2 - 65*w - 95. Let l(n) be the second derivative of q(n). Determine l(6).
13
Let j = -72 - -29. Let w = -27 - j. Suppose -2*s = -4*d - w, -2*s - 6*d - 2 = -4*d. Let m(b) = -2*b**2. What is m(s)?
-8
Let s(j) = 3*j**2 - 13*j + 15*j**2 - 10*j - 17 - 32*j**2 + 13*j**2. Determine s(-22).
5
Let z(g) = 5*g + 1. Let w(a) = 6*a - 4 - 6*a**2 - 2020*a**3 - 11 - 6 + 2021*a**3 + 15. Let q(d) = -2*d - 7. Let m be q(-6). Let b be w(m). Determine z(b).
-4
Let p be 1/(-2)*-1*(1 + -3). Let h(l) be the third derivative of -4*l**2 + 0*l**3 - 5/12*l**4 + 0 + 0*l. What is h(p)?
10
Let p = 3812 + -3816. Let r be (-6)/(((-36)/8)/(-3)). Let x(c) = -c + 3. Let n(f) = 1. Let d(j) = r*x(j) + 18*n(j). Determine d(p).
-10
Let g(a) = -a**3 + 69*a**2 - 919*a + 13. Let y be g(18). Let t(k) = -k**2 - 10*k - 28. Calculate t(y).
-3
Suppose -5*t + 104 = 3*d, 3*t - 90*d - 58 = -94*d. Let u(a) = 3*a - 74. Determine u(t).
-8
Let k(a) = -a**2. Let r = 146 + -141. Suppose 17 = r*q + 12. Give k(q).
-1
Let l(p) be the second derivative of -p**6/360 + p**5/60 - p**4/2 + 22*p**3 - 4*p + 3. Let c(r) be the second derivative of l(r). What is c(0)?
-12
Let s(g) be the third derivative of -7*g**4/12 + g**3/6 - 647*g**2 - 2*g. Let c(w) = w + 4. Suppose -3 = -t + 2*t. Let m be c(t). Determine s(m).
-13
Let s(o) = -18*o - 11. Let y be s(-1). Let v(u) = -9*u + 1 + 15*u - y*u - 5. Determine v(-3).
-1
Let s(l) = -3*l - 4. Let b(z) = z**3 - 7*z**2 + z - 7. Let h be b(7). Let m be (h - -2)*(3 - 5) - -8. What is s(m)?
-16
Let t(h) = -h**2 + 6*h + 3. Let o be t(7). Let n(c) = 1 + 31828*c - 63651*c + 31827*c - 3*c**2 - c**3. What is n(o)?
1
Let b(v) = -2*v**2 + 5*v - 25. Let a(z) = 2*z**2 - 3*z + 21. Let i(y) = 5*a(y) + 4*b(y). Determine i(-3).
8
Let d(y) = -2*y**2 + 165*y - 1692. Let c be d(12). Let r(v) be the first derivative of v**3/3 - v**2/2 + 2*v + 1. Give r(c).
2
Let g(x) = -6*x**3 - 2*x**2 - 3*x + 6. Let r(a) = a**3 + a**2 + a - 2. Suppose -4*j - 94 + 98 = 0. Let p(c) = j*g(c) + 5*r(c). Determine p(3).
2
Let n(h) = -3*h - 6. Let u = -95 - -118. Let l be u + (-3)/((-3)/(-2)). Let d(f) = f**2 - 22*f + 17. Let c be d(l). Calculate n(c).
6
Let g(k) = k**3 + 5*k**2 - 6*k - 6. Let i(s) = -9*s - 195. Let w be ((-6)/(-12)*3)/((-1)/14). Let d be i(w). Determine g(d).
-6
Let h(j) = 29 + 21 - 9*j + 33*j - j - 17*j. Determine h(-8).
2
Suppose -372*p + 342 = -175 + 145. Let a(x) = -126*x**2 + 1. Give a(p).
-125
Let w(u) = 3*u**3 - u + 128*u**2 + 10*u - 247*u**2 - 2*u**3 + 127*u**2. Determine w(-5).
30
Let r(n) = n**2 - 6*n. Let x be r(7). Let y(h) be the second derivative of h**3/6 + 3*h**2 + 1596*h. What is y(x)?
13
Let m(a) be the second derivative of -a**6/360 - a**5/15 + 59*a**4/3 - 279*a. Let k(i) be the third derivative of m(i). What is k(-9)?
10
Let a be (-3)/(-2)*188/(-3). Let i = a + 94. Let j(x) = 7 + i + 10*x + x**3 + 4 + 9*x**2 + 0*x**2. Give j(-8).
-5
Let t(g) = g**3 + 7*g**2 + 5*g - 2. Let w(v) = -45*v + 182. Let c be w(4). Let j be c - 36/(12 - 6). Calculate t(j).
26
Let u(j) = -2*j**2 + 7*j + 1. Suppose 0 = -4*t - 16, -4*t - 1 = 5*v - 0*v. Suppose 37*i - 40*i = -v*x - 12, 3*i - 11 = 4*x. Calculate u(i).
-14
Let y be 1*(-2)/(-10) + (-54)/(-30). Let o(v) = -126 + v**2 - 2*v**2 + v + v**3 + 66 - v**2 + 62. Calculate o(y).
4
Let r(i) = 10*i + 1010*i**2 - 18*i + 12 - 1009*i**2. Determine r(3).
-3
Let h(i) = 19*i + 851 - 24*i - 851. Let a(w) be the third derivative of -w**5/15 + w**3/6 - 2*w**2. Let z be a(-1). What is h(z)?
15
Suppose 51*c - 59*c = -472. Let p(v) = 114*v - 54*v - c*v. Give p(3).
3
Let x(o) = o**3 + 15*o**2 - 19*o - 37. Suppose -94 = 5*n - 14. Let l be x(n). Let y(f) = -f**3 + 10*f**2 + 10*f + 9. Determine y(l).
-2
Let x(q) = q**3 - q**2 - q - 2. Let w(b) = 5*b**3 - 7*b**2 - 3*b - 14. Let p(f) = w(f) - 6*x(f). Determine p(-4).
34
Let t(q) = -393 + 24*q + 445 - 30*q. Calculate t(9).
-2
Let o(i) = -i**3 - 10*i**2 + 11*i + 9. Let w(g) = g**3 + 4*g**2 - 5*g - 4. Let x be (7 + 0)*(-12)/28. Let f(a) = x*o(a) - 7*w(a). Calculate f(-1).
5
Let a be (-199)/(-5) - (-4)/40*2. Suppose 5*y + a = 2*b - 4*b, -14 = 4*y - 2*b. Let d(p) = p. Calculate d(y).
-6
Let v(r) = -21*r - 14*r**2 + 4*r**2 + 4*r**2 + r**2 - 10 + 4*r**2. Calculate v(-19).
28
Let p(j) = 36*j - 17. Let a be p(3). Let i = a - 48. Let n = i - 50. Let l(c) = c**3 + 8*c**2 + 6*c - 7. Calculate l(n).
0
Let f(i) = -2*i**3 + 704*i + 0*i**3 + 5*i**3 - 741*i - 52*i**2 + 0*i**3 + 11. What is f(18)?
-7
Let v(y) = -448*y + 4 - 453*y - 1 + 900*y. Suppose 2*z = -3*z + 15. Suppose t + 0*t + 6 = 2*k, -t = -z*k + 7. What is v(t)?
7
Let y(z) = -3*z - 296 + 277 + z. Let q(j) = 2*j + 19. Let a(p) = -2*q(p) - 3*y(p). What is a(-8)?
3
Let j(x) = -x**2 - 3*x - 3. Suppose 8*t - 433 = -705. Suppose -2*a + i = -59, 5*a - 3*i + 5*i - 161 = 0. Let d = t + a. Calculate j(d).
-3
Let v(u) = u**3 - 3*u**2 + u - 21. Let j be 0 - (4 + 8)/(-3). Calculate v(j).
-1
Suppose 5*p + h - 43 = 2*h, -2*p = -h - 16. Suppose 55 = 4*u - p. Suppose -6*v - 52 + u = 0. Let n(s) = s + 8. Calculate n(v).
2
Let q(z) = z**3 + z**2 - 1. Let x(t) = 4*t**3 - 2*t**2 - 5*t. Let p be 30/(-4)*(-4)/(-6). Let i(r) = p*q(r) + x(r). Give i(-6).
-1
Suppose 750*v - 809*v = -177. Let p(y) be the first derivative of -11*y - 5*y**2 - 1/3*y**v - 21. Calculate p(-9).
-2
Let a(t) = t - 6. Let u be a(4). Let v(i) = i**2 - 2 - 126139*i + 118*i**3 - 112*i**3 + 126138*i. What is v(u)?
-44
Let o(p) = -3 + 2*p - 7466*p**2 + 7464*p**2 + 0*p. Let s be ((-3)/(-9))/(2/6). Let g(a) = a + 1. Let x be g(s). Give o(x).
-7
Let c(b) be the third derivative of -1/60*b**5 - 2*b**2 - 1/6*b**4 + 0*b + 0 - 1/2*b**3. Let w(a) = 4*a - 14. Let g be w(3). Determine c(g).
1
Let m(p) = p**3 - 3*p**2 - 3*p + 4. Let u(l) = -l + 24. Let s be u(12). Suppose 6 = -2*z, -g + 4*z + s = -1. Let q be ((-3)/(-2))/g*2. Calculate m(q).
-5
Let w(b) be the second derivative of -2*b**4/3 + b**3/6 + 11*b**2/2 + 206*b + 8. Give w(2).
-19
Let r = 325 - -193. Let s(m) = r*m - 257*m - 263*m - 2 - m**3 + 0*m**3. Give s(-2).
10
Let o(l) = -l - 52. Let i = 10382 - 10371. Calculate o(i).
-63
Suppose -3*m + 28*m - 114 = -13*m. Let g be -1 + 0 - (-1 + -9). Let u(t) = -3*t - m - 4 - g + 22. Give u(6).
-12
Let u(g) = 4*g**3 - 2*g**2 + 1. Let q be -1 + -4 - (5 + -6 - 3). Determine u(q).
-5
Let p(f) = f**2 + 36*f - 1. Let z(o) = -5*o**2 - 176*o - 164. Let j(k) = 4